{"id":441,"date":"2011-02-09T13:58:16","date_gmt":"2011-02-09T11:58:16","guid":{"rendered":"http:\/\/www.roifn.ro\/?page_id=441"},"modified":"2011-02-09T13:58:16","modified_gmt":"2011-02-09T11:58:16","slug":"harta-site","status":"publish","type":"page","link":"https:\/\/roifn.ro\/site\/harta-site\/","title":{"rendered":"Hart\u0103 site"},"content":{"rendered":"<div id=\"wp-realtime-sitemap-pages\"><h3>Pages<\/h3><ul><li class=\"page_item page-item-990\"><a href=\"https:\/\/roifn.ro\/site\/about-nfi\/\">About NFI<\/a><\/li>\n<li class=\"page_item page-item-1212\"><a href=\"https:\/\/roifn.ro\/site\/books\/\">Books<\/a><\/li>\n<li class=\"page_item page-item-1211\"><a href=\"https:\/\/roifn.ro\/site\/carti\/\">Carti<\/a><\/li>\n<li class=\"page_item page-item-12 page_item_has_children\"><a href=\"https:\/\/roifn.ro\/site\/ce-este-ifn\/\">Ce este IFN?<\/a>\n<ul class='children'>\n\t<li class=\"page_item page-item-490\"><a href=\"https:\/\/roifn.ro\/site\/ce-este-ifn\/definitii-vegetatia-forestiera\/\">Vegeta\u0163ia forestier\u0103 &#8211; Defini\u0163ii<\/a><\/li>\n<\/ul>\n<\/li>\n<li class=\"page_item page-item-37\"><a href=\"https:\/\/roifn.ro\/site\/contact\/\">Contact<\/a><\/li>\n<li class=\"page_item page-item-1020\"><a href=\"https:\/\/roifn.ro\/site\/contacts\/\">Contact<\/a><\/li>\n<li class=\"page_item page-item-43\"><a href=\"https:\/\/roifn.ro\/site\/departament\/\">Departament<\/a><\/li>\n<li class=\"page_item page-item-1008\"><a href=\"https:\/\/roifn.ro\/site\/department\/\">Department<\/a><\/li>\n<li class=\"page_item page-item-174\"><a href=\"https:\/\/roifn.ro\/site\/despre-ifn\/\">Despre IFN<\/a><\/li>\n<li class=\"page_item page-item-441\"><a href=\"https:\/\/roifn.ro\/site\/harta-site\/\">Hart\u0103 site<\/a><\/li>\n<li class=\"page_item page-item-1018\"><a href=\"https:\/\/roifn.ro\/site\/useful-links\/\">Links<\/a><\/li>\n<li class=\"page_item page-item-40\"><a href=\"https:\/\/roifn.ro\/site\/legaturi-utile\/\">Linkuri<\/a><\/li>\n<li class=\"page_item page-item-982\"><a href=\"https:\/\/roifn.ro\/site\/nfi-results-cycle-1\/\">NFI Results &#8211; Cycle I<\/a><\/li>\n<li class=\"page_item page-item-985\"><a href=\"https:\/\/roifn.ro\/site\/nfi-results-cycle-2\/\">NFI Results &#8211; Cycle II<\/a><\/li>\n<li class=\"page_item page-item-246 page_item_has_children\"><a href=\"https:\/\/roifn.ro\/site\/proiecte\/\">Proiecte<\/a>\n<ul class='children'>\n\t<li class=\"page_item page-item-652\"><a href=\"https:\/\/roifn.ro\/site\/proiecte\/forest-ghg-management\/\">Forest Greenhouse Gas Management<\/a><\/li>\n\t<li class=\"page_item page-item-843\"><a href=\"https:\/\/roifn.ro\/site\/proiecte\/remoteforest\/\">Planificare strategica forestiera la nivel de arbore folosind technici de teledetectie (RemoteForest)<\/a><\/li>\n<\/ul>\n<\/li>\n<li class=\"page_item page-item-1011 page_item_has_children\"><a href=\"https:\/\/roifn.ro\/site\/projects\/\">Projects<\/a>\n<ul class='children'>\n\t<li class=\"page_item page-item-1109\"><a href=\"https:\/\/roifn.ro\/site\/projects\/forest-ghg-management-en\/\">Forest Greenhouse Gas Management<\/a><\/li>\n\t<li class=\"page_item page-item-1026\"><a href=\"https:\/\/roifn.ro\/site\/projects\/remoteforest-en\/\">Strategic forest planning at tree level using remote sensing techniques (RemoteForest)<\/a><\/li>\n<\/ul>\n<\/li>\n<li class=\"page_item page-item-522\"><a href=\"https:\/\/roifn.ro\/site\/rezultate-ifn-1\/\">Rezultate IFN &#8211; Ciclul I (2008-2012)<\/a><\/li>\n<li class=\"page_item page-item-935\"><a href=\"https:\/\/roifn.ro\/site\/rezultate-ifn-2\/\">Rezultate IFN &#8211; Ciclul II (2013 &#8211; 2018)<\/a><\/li>\n<li class=\"page_item page-item-1270\"><a href=\"https:\/\/roifn.ro\/site\/rezultate-ifn-3\/\">Rezultate IFN &#8211; Ciclul III (2020 &#8211; 2025)<\/a><\/li>\n<li class=\"page_item page-item-1043\"><a href=\"https:\/\/roifn.ro\/site\/sitemap\/\">Sitemap<\/a><\/li>\n<li class=\"page_item page-item-979\"><a href=\"https:\/\/roifn.ro\/site\/what-is-the-nfi\/\">What is the NFI?<\/a><\/li>\n<\/ul><\/div><div id=\"wp-realtime-sitemap-posts\"><h3>Posts<\/h3><ul><li><a href=\"https:\/\/roifn.ro\/site\/rezultate-ciclul-i\/\" title=\"Permalink to Rezultate Ciclul I\" rel=\"bookmark\">Rezultate Ciclul I<\/a><\/li><li><a href=\"https:\/\/roifn.ro\/site\/1st-cycle-results\/\" title=\"Permalink to 1st Cycle Results\" rel=\"bookmark\">1st Cycle Results<\/a><\/li><li><a href=\"https:\/\/roifn.ro\/site\/rezultate-ifn-2\/\" title=\"Permalink to IFN Ciclul II\" rel=\"bookmark\">IFN Ciclul II<\/a><\/li><li><a href=\"https:\/\/roifn.ro\/site\/cycle-ii-nfi\/\" title=\"Permalink to Cycle II NFI\" rel=\"bookmark\">Cycle II NFI<\/a><\/li><li><a href=\"https:\/\/roifn.ro\/site\/cycle-iii-nfi\/\" title=\"Permalink to Cycle III NFI\" rel=\"bookmark\">Cycle III NFI<\/a><\/li><\/ul><\/div>\n","protected":false},"excerpt":{"rendered":"","protected":false},"author":1,"featured_media":0,"parent":0,"menu_order":20,"comment_status":"closed","ping_status":"closed","template":"","meta":[],"_links":{"self":[{"href":"https:\/\/roifn.ro\/site\/wp-json\/wp\/v2\/pages\/441"}],"collection":[{"href":"https:\/\/roifn.ro\/site\/wp-json\/wp\/v2\/pages"}],"about":[{"href":"https:\/\/roifn.ro\/site\/wp-json\/wp\/v2\/types\/page"}],"author":[{"embeddable":true,"href":"https:\/\/roifn.ro\/site\/wp-json\/wp\/v2\/users\/1"}],"replies":[{"embeddable":true,"href":"https:\/\/roifn.ro\/site\/wp-json\/wp\/v2\/comments?post=441"}],"version-history":[{"count":0,"href":"https:\/\/roifn.ro\/site\/wp-json\/wp\/v2\/pages\/441\/revisions"}],"wp:attachment":[{"href":"https:\/\/roifn.ro\/site\/wp-json\/wp\/v2\/media?parent=441"}],"curies":[{"name":"wp","href":"https:\/\/api.w.org\/{rel}","templated":true}]}}